 7*d - 6 - 23. Let m be h(b). What is the greatest common divisor of m and 90?
18
Let i = 1436 - -7812. What is the highest common factor of i and 340?
68
Let d be (-1)/8 - 17/(-8). Suppose -7*c + 126 = d*c. Let v = 17 + c. Calculate the highest common divisor of v and 124.
31
Let n = -1191 + 348. Let u = 1490 + n. Let q = -383 + u. What is the greatest common factor of 33 and q?
33
Let o(t) = 2*t**2 + 15*t + 6. Let d be -3*2/(-18)*30. Let v = d + -25. Let w be o(v). Calculate the highest common factor of w and 21.
21
Let n be (-2)/5 + 107/5. Let b be 2/(-2) - (2 - -659). Let g = -494 - b. What is the highest common divisor of g and n?
21
Let r be (-82318)/(-1027) + 2/(-13). What is the highest common factor of r and 2840?
40
Suppose 10*p - 71 = 39. Suppose 3*n - 74 + p = 0. What is the highest common divisor of 231 and n?
21
Let o = -34969 + 35515. What is the greatest common divisor of o and 442?
26
Let d(g) = -988*g - 1100. Let x be d(-4). What is the greatest common factor of 460 and x?
92
Let v(l) = -3*l**3 + l**2 + 31*l + 20. Let g be v(8). Let k = g + 2161. What is the greatest common divisor of k and 33?
33
Let q be (-33)/462 + 14/((-1568)/(-3144)). What is the greatest common divisor of 7406 and q?
14
Let g be (4/(-10))/((-1)/20). Suppose -3*l - 2 = -g. Suppose -43*c - 40 = -48*c. Calculate the highest common divisor of c and l.
2
Let z = -32 + 38. Let y(p) = -p**2 + z - 21*p + 1 + 2. Let j be y(-21). Calculate the highest common divisor of j and 99.
9
Let w = -8 - -11. Let b = 433 + -412. Let l be w/(-2)*(-476)/b. What is the greatest common divisor of l and 153?
17
Let s be 10/(-6) - 8/(-5)*(-3250)/(-78). Calculate the greatest common divisor of 160 and s.
5
Suppose u = -5*x + 23, 0 = -0*x + 2*x - 5*u + 7. Suppose 2*o - 1032 = w, x*o - 3*w - 2579 = -o. Calculate the highest common divisor of o and 11.
11
Let r(i) = -3*i + 27. Let d(v) = -7*v + 55. Let p(y) = 2*d(y) - 5*r(y). Let c be p(0). Let w = -3 - c. What is the highest common factor of 154 and w?
22
Suppose 5*h - 105 = 3*g + 8*h, 0 = 4*g + 5*h + 141. Let j be (-4)/(-14) + 128/(-56) - g. Calculate the highest common factor of 80 and j.
16
Suppose -26*u + 27*u - 55 = 0. Suppose -u - 29 = -7*j. Suppose 17*v - 15*v = 36. Calculate the greatest common divisor of j and v.
6
Let c be ((-4)/(-6))/((84/234)/7). Suppose 5*p - 23 = -2*i + 97, 5*i = -4*p + 79. What is the greatest common divisor of p and c?
13
Let d(y) = 2*y**3 + 67*y**2 + 36*y - 81. Let c be d(-33). Let a be (-2)/6 - 4380/c. Calculate the highest common factor of a and 84.
12
Suppose -2*u = 4*h - 10, -4*u = -6*h + 4*h + 20. Suppose -h*o + 320 = 6*o. Let f = 81 + -33. What is the greatest common divisor of o and f?
16
Suppose -16*t + 19*t - 168 = 3*w, 0 = t + 3*w - 72. Let a be (1281/51 - -2) + t/(-510). What is the greatest common factor of a and 15?
3
Suppose 10 = 2*z + 5*l, 10 + 15 = 5*z - l. Let g(b) = 2*b**3 - 5*b**2 + 11*b + 2. Let i be g(z). What is the greatest common factor of i and 14?
14
Let u = 27 - -8. Suppose -23 = i + 5*z - 0*z, 5*z = 5*i - u. Suppose -536 = -2*y - 3*y + 4*j, -i*y + j = -215. What is the greatest common divisor of y and 12?
12
Let b = 2511 - -5745. What is the greatest common factor of 6 and b?
6
Let w(q) = -25*q + 1830. Let m be w(73). Calculate the highest common factor of 101 and m.
1
Let v = -124 - -150. Let q = 104 + 312. Suppose -2*o + q = 2*o. What is the highest common divisor of v and o?
26
Suppose -44*w + 4*w + 43520 = 0. Calculate the greatest common divisor of w and 320.
64
Let f be 6 + (3 - 0) + 12/(-4). Suppose 2*d = 0, 0 = -5*y + 5*d + f + 9. Calculate the highest common divisor of y and 192.
3
Suppose -h = 5*i + 931, -2*i - 185 = -i - h. Let y = -36 - i. What is the highest common divisor of y and 375?
75
Suppose 13 = 5*k - 22. Suppose 0 = 12*w - k*w - 15. Suppose g = -0 - 2, 881 = 5*d - w*g. What is the highest common divisor of 25 and d?
25
Let i(p) = 4*p**3 + 5*p**2 + 17*p - 84. Suppose -22 = -4*a + 3*q, 5*a = -7*q + 3*q + 12. Let z be i(a). Calculate the highest common factor of z and 20.
20
Let k be 6/((-2387)/602 + 4). Let p = 289 - k. Let l = 29 + 10. What is the greatest common factor of l and p?
39
Let t(o) = 7*o**3 - 11*o**2 + 51. Let p(j) = -4*j**3 + 6*j**2 - 25. Let n(c) = 5*p(c) + 3*t(c). Let r be n(0). Calculate the highest common factor of r and 98.
14
Suppose -2*n = n - 105. Let l be (1260/(-189))/(4/(-6)). What is the greatest common factor of l and n?
5
Let f(v) = v**3 + 15*v**2 - 59*v - 638. Let y be f(-14). Calculate the highest common factor of y and 4416.
192
Let h(v) = v**3 + 6*v**2 - 770*v + 1. Let c be h(25). What is the highest common factor of 144 and c?
18
Let r = -109 - -516. Let w = 420 - r. What is the highest common divisor of 117 and w?
13
Let w be (-68 + 21)/((-1)/3). Calculate the greatest common factor of w and 11421.
141
Let g be (-5 + 1)/(2/(-93)) - -4. Let a = 26 + g. Calculate the highest common factor of 12 and a.
12
Let u = -998 + 1020. Calculate the greatest common factor of u and 30.
2
Let n(a) be the first derivative of -2*a**2 + 5. Let t be n(0). Suppose 0 = -4*h - 2*p + 44, -5*p = -h - t*h. What is the greatest common divisor of 4 and h?
2
Let r be (-103)/(-4) + 2/8. Let s be 4/(-22) + 13/((-286)/14692). Let t = -655 - s. What is the greatest common divisor of t and r?
13
Let n be (-2)/3 + (-2028)/(-18). Suppose -3*h - 3 + 12 = 0, 5*k = 3*h + 1. Let g be 6*((-4)/(-6) + k). Calculate the greatest common factor of g and n.
16
Suppose 2880 = 47*h - 1726. What is the highest common factor of 16 and h?
2
Suppose -4*d = -1746 + 666. Let t(y) = 176*y - 677. Let r be t(4). What is the highest common factor of d and r?
27
Suppose -i - 24 = -2*i. Let k(v) be the first derivative of -49*v**2/2 + 11*v + 10. Let l be k(-1). What is the highest common divisor of i and l?
12
Suppose -100*c + 105*c - 2430 = 0. What is the greatest common factor of c and 1296?
162
Suppose 3*f - 388 = 41. Let t be (-2)/11 - (-455)/f. Suppose 3 + 2 = 5*k, -3*y + 1 = -5*k. What is the greatest common factor of t and y?
1
Let o = 1957 + -1763. Suppose 5*i + 6 = 16. Suppose -o = -v - 4*t, -346 = -i*v - t + 70. What is the highest common divisor of 30 and v?
30
Let m = 4 - -76. Suppose -m = 2*j - 806. What is the greatest common factor of 66 and j?
33
Let f = 1823 + -1803. Calculate the greatest common divisor of 6210 and f.
10
Let n be 13/((-208)/176) - -46220. Calculate the highest common divisor of n and 73.
73
Let h be (3/(-2))/((-72)/(-672)). Let d = h - 4. Let s be (d/(-8))/((-27)/(-252)). What is the highest common factor of s and 3?
3
Let p(d) = -d**3 + 7*d**2 + 30*d + 1. Let c be p(10). Suppose 33 = 4*u - 31. Suppose -3*x + u = -x. What is the highest common factor of c and x?
1
Let s(y) be the second derivative of y**5/20 - 3*y**4/2 + 2*y**3/3 - 45*y**2/2 - 5*y. Let g be s(18). Calculate the greatest common divisor of g and 297.
27
Let z = -3191 - -3208. What is the greatest common divisor of z and 5?
1
Let a(s) = -s**3 + 7*s**2 - 2*s - 4. Let q be a(5). Suppose -17*t + 4*t + 3562 = 0. Let i = 382 - t. What is the highest common divisor of i and q?
36
Suppose -22*x - 1509 = -1949. What is the greatest common factor of x and 2390?
10
Let k be (-15 + 19 + -46)*(-102)/7 - 7. Calculate the highest common divisor of 25 and k.
5
Let y(o) = -o**3 - 17*o**2 - o + 55. Let w be y(-17). Suppose 79 = j + w. What is the greatest common divisor of 7 and j?
7
Let z be ((-540)/40)/((-1)/2) - -7. Calculate the greatest common factor of z and 4063.
17
Suppose 3*j - j - 258 = -4*t, -2*j = -5*t + 300. Suppose 184 = 3*k - k. Let o = k - t. What is the greatest common factor of o and 15?
15
Let y(w) = -w**3 + 15*w**2 + 9*w - 48. Let o be y(12). Suppose 7*h - o - 2532 = 0. What is the greatest common factor of h and 24?
24
Suppose 2*n = c + 2450, 5*n - 36*c = -41*c + 6110. What is the greatest common factor of n and 56?
8
Suppose y = -4*a + 427, 4*y + a + 733 = 2441. Suppose 23*l - y = 171. Calculate the greatest common factor of 221 and l.
13
Suppose -24*j + 26*j + 12 = 0. Let c(q) = q**3 + 8*q**2 - 2*q + 7. Let s be c(j). Suppose -5*k + s + 459 = 0. What is the highest common divisor of 10 and k?
10
Let v(r) = -4*r - 8. Suppose 0 = 2*f + 19 - 5. Let z be v(f). Suppose 147 +